e the remainder when 2994 is divided by 150.
144
What is the remainder when 31003 is divided by 46?
45
What is the remainder when 5118 is divided by 8?
6
What is the remainder when 798 is divided by 136?
118
Calculate the remainder when 1000 is divided by 913.
87
Calculate the remainder when 4885 is divided by 47.
44
Calculate the remainder when 140 is divided by 27.
5
What is the remainder when 18510 is divided by 89?
87
What is the remainder when 267 is divided by 9?
6
Calculate the remainder when 11835 is divided by 185.
180
Calculate the remainder when 7496 is divided by 13.
8
What is the remainder when 692 is divided by 256?
180
What is the remainder when 181 is divided by 29?
7
Calculate the remainder when 90 is divided by 39.
12
Calculate the remainder when 7140 is divided by 130.
120
What is the remainder when 473 is divided by 79?
78
What is the remainder when 104 is divided by 52?
0
Calculate the remainder when 213 is divided by 36.
33
Calculate the remainder when 34 is divided by 10.
4
What is the remainder when 174 is divided by 47?
33
What is the remainder when 1239 is divided by 597?
45
Calculate the remainder when 4569 is divided by 12.
9
What is the remainder when 321 is divided by 157?
7
What is the remainder when 1679 is divided by 14?
13
Calculate the remainder when 3217 is divided by 140.
137
Calculate the remainder when 247 is divided by 26.
13
Calculate the remainder when 744 is divided by 84.
72
What is the remainder when 47 is divided by 41?
6
Calculate the remainder when 963 is divided by 108.
99
What is the remainder when 239 is divided by 29?
7
Calculate the remainder when 544 is divided by 109.
108
What is the remainder when 1443 is divided by 44?
35
Calculate the remainder when 6680 is divided by 1669.
4
Calculate the remainder when 49 is divided by 33.
16
Calculate the remainder when 304 is divided by 17.
15
What is the remainder when 189 is divided by 36?
9
Calculate the remainder when 189 is divided by 90.
9
Calculate the remainder when 173 is divided by 61.
51
What is the remainder when 236 is divided by 92?
52
What is the remainder when 49 is divided by 25?
24
What is the remainder when 2489 is divided by 15?
14
What is the remainder when 142 is divided by 32?
14
Calculate the remainder when 205 is divided by 14.
9
What is the remainder when 255 is divided by 100?
55
What is the remainder when 214 is divided by 24?
22
What is the remainder when 1286 is divided by 102?
62
Calculate the remainder when 116 is divided by 11.
6
Calculate the remainder when 2249 is divided by 8.
1
Calculate the remainder when 7688 is divided by 33.
32
Calculate the remainder when 297 is divided by 22.
11
Calculate the remainder when 331 is divided by 28.
23
Calculate the remainder when 133 is divided by 36.
25
Calculate the remainder when 293 is divided by 21.
20
What is the remainder when 295 is divided by 9?
7
Calculate the remainder when 51 is divided by 19.
13
Calculate the remainder when 16 is divided by 12.
4
Calculate the remainder when 260 is divided by 202.
58
Calculate the remainder when 1349 is divided by 10.
9
Calculate the remainder when 307 is divided by 33.
10
Calculate the remainder when 9449 is divided by 126.
125
What is the remainder when 1370 is divided by 267?
35
Calculate the remainder when 44 is divided by 24.
20
Calculate the remainder when 2607 is divided by 288.
15
Calculate the remainder when 367 is divided by 199.
168
Calculate the remainder when 1114 is divided by 45.
34
Calculate the remainder when 56 is divided by 3.
2
Calculate the remainder when 9618 is divided by 13.
11
Calculate the remainder when 3839 is divided by 183.
179
What is the remainder when 178 is divided by 33?
13
What is the remainder when 447 is divided by 25?
22
What is the remainder when 559 is divided by 16?
15
Calculate the remainder when 314 is divided by 4.
2
What is the remainder when 376 is divided by 135?
106
What is the remainder when 246 is divided by 79?
9
What is the remainder when 509 is divided by 34?
33
What is the remainder when 5475 is divided by 2731?
13
What is the remainder when 715 is divided by 632?
83
What is the remainder when 287 is divided by 12?
11
Calculate the remainder when 277 is divided by 75.
52
What is the remainder when 73 is divided by 40?
33
Calculate the remainder when 149 is divided by 52.
45
What is the remainder when 1341 is divided by 1318?
23
Calculate the remainder when 486 is divided by 355.
131
What is the remainder when 1271 is divided by 85?
81
Calculate the remainder when 810 is divided by 57.
12
Calculate the remainder when 377 is divided by 126.
125
What is the remainder when 1862 is divided by 17?
9
Calculate the remainder when 10412 is divided by 13.
12
Calculate the remainder when 56 is divided by 19.
18
Calculate the remainder when 647 is divided by 41.
32
Calculate the remainder when 306 is divided by 20.
6
Calculate the remainder when 345 is divided by 170.
5
Calculate the remainder when 1226 is divided by 613.
0
Calculate the remainder when 3772 is divided by 122.
112
What is the remainder when 37 is divided by 3?
1
Calculate the remainder when 797 is divided by 35.
27
Calculate the remainder when 96 is divided by 41.
14
What is the remainder when 1822 is divided by 63?
58
Calculate the remainder when 531 is divided by 54.
45
Calculate the remainder when 278 is divided by 26.
18
What is the remainder when 1419 is divided by 18?
15
What is the remainder when 198 is divided by 70?
58
What is the remainder when 9941 is divided by 88?
85
What is the remainder when 192 is divided by 58?
18
Calculate the remainder when 449 is divided by 151.
147
What is the remainder when 481 is divided by 14?
5
What is the remainder when 7027 is divided by 38?
35
What is the remainder when 27 is divided by 26?
1
What is the remainder when 2506 is divided by 22?
20
What is the remainder when 812 is divided by 400?
12
What is the remainder when 53 is divided by 25?
3
What is the remainder when 275 is divided by 6?
5
Calculate the remainder when 247 is divided by 48.
7
What is the remainder when 16642 is divided by 58?
54
What is the remainder when 877 is divided by 147?
142
Calculate the remainder when 1165 is divided by 23.
15
What is the remainder when 120 is divided by 44?
32
What is the remainder when 488 is divided by 10?
8
What is the remainder when 424 is divided by 133?
25
Calculate the remainder when 1203 is divided by 14.
13
What is the remainder when 178 is divided by 93?
85
What is the remainder when 301 is divided by 51?
46
Calculate the remainder when 108 is divided by 37.
34
Calculate the remainder when 212 is divided by 55.
47
What is the remainder when 124 is divided by 67?
57
What is the remainder when 1005 is divided by 9?
6
What is the remainder when 2624 is divided by 28?
20
What is the remainder when 221 is divided by 3?
2
Calculate the remainder when 879 is divided by 10.
9
What is the remainder when 1275 is divided by 106?
3
Calculate the remainder when 147 is divided by 12.
3
Calculate the remainder when 711 is divided by 6.
3
Calculate the remainder when 168 is divided by 80.
8
What is the remainder when 111 is divided by 57?
54
Calculate the remainder when 1831 is divided by 46.
37
Calculate the remainder when 213 is divided by 110.
103
Calculate the remainder when 162 is divided by 12.
6
What is the remainder when 192 is divided by 125?
67
Calculate the remainder when 51 is divided by 33.
18
What is the remainder when 8360 is divided by 113?
111
Calculate the remainder when 119 is divided by 8.
7
What is the remainder when 139 is divided by 47?
45
What is the remainder when 2112 is divided by 151?
149
Calculate the remainder when 544 is divided by 168.
40
Calculate the remainder when 450 is divided by 76.
70
What is the remainder when 666 is divided by 21?
15
Calculate the remainder when 1707 is divided by 19.
16
What is the remainder when 223 is divided by 62?
37
Calculate the remainder when 2990 is divided by 17.
15
What is the remainder when 1505 is divided by 52?
49
Calculate the remainder when 17 is divided by 13.
4
What is the remainder when 130 is divided by 38?
16
What is the remainder when 619 is divided by 17?
7
What is the remainder when 3229 is divided by 